 -20. Calculate the remainder when o is divided by (0 - 1)/((-3)/36).
11
Suppose -4*c - c = 2*w - 61, -2*c - 10 = 0. What is the remainder when w is divided by 15?
13
Suppose 0 = -3*u - 0 - 3. Let r(j) be the second derivative of -7*j**3/3 + j**2/2 + 4*j. What is the remainder when r(u) is divided by 8?
7
Let b(j) = j**2 + j + 5. Let g = 3 + -3. Let q be b(g). Suppose x - 6 = q*m, -2*m = 2*x - 3*x + 9. Calculate the remainder when 31 is divided by x.
9
Suppose -3*q = 4*c - 35, 0*q = 4*q - 4*c - 56. What is the remainder when q is divided by 8?
5
Suppose 0 = -2*g - j + 116, 7*g - 3*g - 212 = 3*j. Let u be (g/20)/((-2)/(-10)). Suppose -3*m + 2*m + u = 0. What is the remainder when 41 is divided by m?
13
Let h(d) = -10*d**3 - 1. Let x be ((-16)/3)/((-1)/3). Suppose 5*l - x = 9. What is the remainder when h(-1) is divided by l?
4
Let j(a) = 14*a - 1. Let s be j(-1). Calculate the remainder when (-319)/(-5) - 3/s is divided by 33.
31
Suppose 2*x + 21 = 3*a + 3*x, -3*a + 24 = 2*x. Calculate the remainder when 14 is divided by a.
2
Let m(g) = -3*g - 1. Let u(d) = 2*d**2 + 14*d - d**2 + 12 - 4*d. Let a be u(-8). What is the remainder when 21 is divided by m(a)?
10
Suppose 4*w - 5*y = 44, -6*w + w + 10 = 5*y. Let c(g) = g + 8. Calculate the remainder when 25 is divided by c(w).
11
Calculate the remainder when 4 - (-21 + 2/(-2)) is divided by 9.
8
Let t = -108 + 161. Let p = 32 - 18. What is the remainder when t is divided by p?
11
Let b = 12 + -6. Calculate the remainder when b is divided by (-8)/(-5) + (-8)/(-20).
0
Suppose 0 = 4*l - 5*o + 12, 0 = 2*l - 2*o + 3 + 1. Let t = -2 + 11. Calculate the remainder when -1 - (1 - l) - -26 is divided by t.
8
Let w(m) = m**3 - 11*m**2 + 10*m + 5. Let a be w(10). Suppose -l = -4*y - 22, a*y - 1 + 9 = -2*l. Calculate the remainder when 16 is divided by l.
4
Suppose 0*p - 4*p = -o - 4, 22 = 5*o + p. What is the remainder when 9 is divided by o?
1
Let b = 10 + -5. Suppose 9*l - 15 = 4*l, f + b*l - 26 = 0. Calculate the remainder when f is divided by 3.
2
What is the remainder when (-31906)/(-154) + (-4)/22 is divided by 30?
27
Calculate the remainder when 76 is divided by (-28)/(-3)*3/2 + -1.
11
What is the remainder when 141 is divided by (3/(15/(-2)))/(10/(-600))?
21
Suppose -4*f + 0*f = -48. Suppose -g + 0*g + 4*t = 10, 3*g + 2*t = f. Let p = 9 - 6. What is the remainder when p is divided by g?
1
Let c = -252 - -259. Suppose 3*u - 21 - 15 = 0. Calculate the remainder when u is divided by c.
5
Let d(t) = -t**2 - 7*t - 6. Let s be d(-7). Let a be (s/(-5) + -2)*-5. Suppose 0 = 2*b - 0*b - a. Calculate the remainder when 3 is divided by b.
1
Let q = 98 - 84. Calculate the remainder when 96 is divided by q.
12
Let w = 0 - -3. Calculate the remainder when 8 is divided by 3*((-8)/6 + w).
3
Let y = -13 + 26. Let u = 20 - y. Calculate the remainder when 25 is divided by u.
4
Let n(f) be the second derivative of -f**5/20 + 5*f**4/12 + 2*f**3/3 + 3*f**2 - 2*f. Let i be n(6). What is the remainder when 9 is divided by (-45)/i*4/6?
4
Suppose o = -3*d + 25, 4*d - 36 = -o - 6. What is the remainder when 48 is divided by o?
8
Let h(w) = -2*w - 11. Calculate the remainder when 35 is divided by h(-10).
8
Suppose -8*o - 37 = -13. Suppose 2*d + 208 = -2*f - 0*d, -2*f = -5*d + 243. Calculate the remainder when f/o + 4/6 is divided by 13.
11
Suppose -2*u = -u, -3*o + 3 = 4*u. Suppose -2*d = 3*d - 45. Calculate the remainder when -2*((-69)/6 - o) is divided by d.
7
Suppose b + 3*k - 23 = 0, -5*b + 41 = -b - 5*k. Let f = -174 + 227. What is the remainder when f is divided by b?
11
Let o(n) = -5*n - 9. What is the remainder when 31 is divided by o(-5)?
15
Suppose -2*k - 57 = -5*k. Let i(m) = 426*m**2 - 8 - 425*m**2 + 2*m + 3. What is the remainder when k is divided by i(-5)?
9
Suppose 61 + 31 = 2*b. Calculate the remainder when b is divided by 16.
14
Let k(h) = 53*h + 1. Let z = 44 - 30. Calculate the remainder when k(1) is divided by z.
12
Calculate the remainder when 15*(0 + -2 + 5) is divided by 16.
13
What is the remainder when (-4 + 1 - -1) + -1 - -50 is divided by 6?
5
Let j(r) = -4*r - 5. Let w be j(-6). Suppose -2*o + w + 1 = 0. What is the remainder when 18 is divided by o?
8
Let n = -19 - -12. Let v = 16 + n. What is the remainder when 26 is divided by v?
8
Let p = 195 - 93. Suppose -u = 3*y - 39, 3*u + 2*y = -2*y + p. Let c = u - 18. What is the remainder when c is divided by 7?
5
Let a = 64 - 36. Let r(u) = -16*u**2 - 2*u - 6. Let t(x) = 16*x**2 + 2*x + 7. Let k(h) = -6*r(h) - 5*t(h). What is the remainder when a is divided by k(-1)?
13
Let z be (-1)/(4/(-2))*0. Suppose 5*h + 3*w = 236, z*h - 56 = -h - 5*w. What is the remainder when h is divided by 16?
14
Suppose 0 = s + 3*u - 16, 4*u - 5 = 2*s + 3. What is the remainder when 7 is divided by s?
3
Suppose 2*k = m + 9 + 185, 0 = -4*k - 4*m + 412. Let c(p) = -p**3 - 12*p**2 - 10*p + 36. Calculate the remainder when k is divided by c(-11).
24
Calculate the remainder when 66 is divided by 52/3 + 1/(-3).
15
Let i = 192 + -109. Calculate the remainder when i is divided by 29.
25
Suppose -3 + 27 = 2*v. Let i = 82 - 75. What is the remainder when v is divided by i?
5
Suppose -4*u = 3*l - 68, 4*u + 2*l - 27 = 41. Suppose s - 8 = -s. Let y = s - -5. What is the remainder when u is divided by y?
8
Suppose 2*d - 176 = -d - h, 0 = 2*d + 4*h - 134. What is the remainder when d is divided by 12?
9
Let y(f) = 4*f + 4. Suppose 0 = 2*p - 0 - 10. Suppose -x = -0*x - 4*r - 18, -2*r - 36 = -p*x. Calculate the remainder when y(x) is divided by 15.
13
Suppose 0 = -24*q + 30*q - 504. What is the remainder when q is divided by 24?
12
Suppose -4*v - 39 = -a, -v = -3*a + 2*v + 144. What is the remainder when a is divided by 9?
6
Calculate the remainder when 43 is divided by 4/10 + 106/10.
10
Let p(j) = -8*j - 46. What is the remainder when 65 is divided by p(-8)?
11
Let o(z) = 55*z + 8. Calculate the remainder when o(3) is divided by 44.
41
Suppose 9*r - 160 = 4*r. What is the remainder when 63 is divided by r?
31
Let x(r) = -r**3 - 6*r**2 - 3*r - 9. Calculate the remainder when x(-6) is divided by 4.
1
Let s = -32 + 53. Let c(k) = 40*k**2 + 1. Suppose 5*w + 3*j = -11, 2*j - 7*j - 5 = -5*w. Calculate the remainder when c(w) is divided by s.
20
Let g(f) = 136*f**2. Let p be g(1). Suppose 4*v + 258 = 5*o + 75, 4*o = -2*v + p. Calculate the remainder when o is divided by 12.
11
Suppose -5*n = -n. Suppose 0 = 3*s - 3, 3*b + 3*s + n*s - 45 = 0. What is the remainder when b is divided by 12/10*20/3?
6
Let t(d) = d**3 + 4*d**2 - 6*d - 5. What is the remainder when t(-4) is divided by 12?
7
Suppose 2*b - 23 = 5*z, -z = 2*b - 3 - 2. Suppose 14 + 14 = b*i. Calculate the remainder when i is divided by 3.
1
Suppose -5*l + 2*h = -14, -l - 28 = -5*l - 4*h. Suppose 3*r = 3*o - 6 - 15, 2*r = l*o - 34. Let g = 10 + 9. What is the remainder when g is divided by o?
9
Let a = -12 - -14. Suppose -l + 102 = a*l. Let k(w) = -w**2 + 6*w + 4. What is the remainder when l is divided by k(5)?
7
Let z(p) = p + 13. Let m be z(-9). Suppose 0*b - 3*b + d = -145, -3*b - m*d = -155. Calculate the remainder when b is divided by 13.
10
Let x = 145 - 97. Calculate the remainder when x is divided by 17.
14
Suppose -4 = -2*h, 2*x = -0*x + 4*h - 14. Let p(r) = -r**3 - 2*r**2 - 2. Let m(f) = f + 1. Calculate the remainder when p(x) is divided by m(2).
1
Let t(c) = 15*c - 11. Let s(r) = -3*r + 2. Let d(b) = -11*s(b) - 2*t(b). What is the remainder when 45 is divided by d(4)?
9
Let f(b) = -b**3 + 3*b**2 - 2. Let u be f(2). Suppose -3*c = u*c - 50. Calculate the remainder when (-3 + 3 + -7)*-4 is divided by c.
8
Let l be 3*-2*4/(-12). Suppose l*m + 2*m - 28 = 0. Suppose 60 = m*p - 3*p. Calculate the remainder when 43 is divided by p.
13
Suppose -5*h - 23 = -4*o + 8, 18 = 2*o - 2*h. Let i = 2 + 0. Let r(z) = 4*z - 3. What is the remainder when o is divided by r(i)?
4
Let d = 28 - 7. Suppose v = 2*b + 9, 0*v + 5*v = 2*b + d. What is the remainder when 10 is divided by v?
1
Calculate the remainder when 15 is divided by -1 + -4 + 0 + 10.
0
Suppose -6*l + 40 = -4*l. Let k = l - 11. Let j = 32 + -7. What is the remainder when j is divided by k?
7
Let b = 14 - 8. Let y = 5 - b. What is the remainder when 8 is divided by y*10*2/(-4)?
3
Suppose -6*